hat are the prime factors of 43927293?
3, 523, 27997
List the prime factors of 3269830498.
2, 11, 19, 7822561
List the prime factors of 68084381.
68084381
List the prime factors of 29956940.
2, 5, 13, 8863
What are the prime factors of 8279264?
2, 7, 23, 1607
List the prime factors of 142967606.
2, 53, 991, 1361
What are the prime factors of 729704739?
3, 23, 10575431
List the prime factors of 113914677.
3, 31, 1224889
What are the prime factors of 89825415?
3, 5, 5988361
What are the prime factors of 58064047?
131, 443237
What are the prime factors of 100094536?
2, 31, 403607
List the prime factors of 8393990202.
2, 3, 13, 19, 29, 21701
What are the prime factors of 111132887?
2141, 51907
What are the prime factors of 32600865?
3, 5, 11, 19, 10399
What are the prime factors of 775697896?
2, 17, 37, 154153
List the prime factors of 53990394.
2, 3, 97, 92767
List the prime factors of 64328803.
7, 11, 53, 1433
List the prime factors of 626798941.
109, 5750449
What are the prime factors of 398937330?
2, 3, 5, 11, 37, 10891
What are the prime factors of 3560102116?
2, 890025529
What are the prime factors of 6922538?
2, 7, 643, 769
What are the prime factors of 821125897?
821125897
What are the prime factors of 222277542?
2, 3, 19, 277, 7039
List the prime factors of 46628253.
3, 7, 105733
What are the prime factors of 1097460955?
5, 281, 781111
What are the prime factors of 487068415?
5, 2909, 33487
List the prime factors of 798521528.
2, 7, 89, 160217
List the prime factors of 352120539.
3, 10399, 11287
What are the prime factors of 411932857?
7, 8406793
List the prime factors of 20943961.
23, 37, 24611
What are the prime factors of 4046436895?
5, 809287379
List the prime factors of 2065694597.
1229, 1680793
List the prime factors of 2375183554.
2, 16057, 73961
What are the prime factors of 2037770761?
13, 7499, 20903
List the prime factors of 23315712.
2, 3, 7, 4337
List the prime factors of 77738672.
2, 11, 441697
List the prime factors of 3873555041.
3873555041
What are the prime factors of 466654915?
5, 19, 37, 132761
List the prime factors of 291226432.
2, 7, 650059
What are the prime factors of 345661189?
345661189
List the prime factors of 91516883.
91516883
What are the prime factors of 1232365964?
2, 53, 137, 151, 281
What are the prime factors of 1622338786?
2, 79, 103, 99689
What are the prime factors of 136670564?
2, 34167641
List the prime factors of 21124364.
2, 311, 16981
List the prime factors of 1403592993.
3, 11, 14177707
What are the prime factors of 12345718?
2, 7, 11, 80167
List the prime factors of 2423540954.
2, 1211770477
List the prime factors of 100962106.
2, 7, 197, 36607
What are the prime factors of 6231650320?
2, 5, 7, 11127947
What are the prime factors of 385878630?
2, 3, 5, 12862621
List the prime factors of 175301611.
175301611
What are the prime factors of 1730495873?
23, 859, 87589
List the prime factors of 25251564.
2, 3, 13, 161869
List the prime factors of 187915168.
2, 7, 19, 67, 659
What are the prime factors of 2614113?
3, 59, 547
What are the prime factors of 90666993?
3, 19, 101, 15749
List the prime factors of 58137194.
2, 29068597
What are the prime factors of 468186676?
2, 19, 31, 10459
What are the prime factors of 1773667851?
3, 17, 2045753
What are the prime factors of 4251187402?
2, 7, 11, 27605113
What are the prime factors of 1742264864?
2, 54445777
List the prime factors of 794394146.
2, 7, 13, 1051, 4153
What are the prime factors of 1009232686?
2, 7, 11, 23, 25903
What are the prime factors of 79555736?
2, 13, 19, 163
What are the prime factors of 565130351?
565130351
What are the prime factors of 111743977?
191, 449, 1303
What are the prime factors of 17031142?
2, 317, 26863
What are the prime factors of 1391688640?
2, 5, 4349027
What are the prime factors of 135931361?
523, 259907
What are the prime factors of 209943624?
2, 3, 11, 37, 21493
List the prime factors of 1474187899.
107, 2399, 5743
What are the prime factors of 657159360?
2, 3, 5, 11, 13, 4787
List the prime factors of 589089519.
3, 109, 677, 887
List the prime factors of 2012101160.
2, 5, 50302529
List the prime factors of 158721555.
3, 5, 10581437
What are the prime factors of 1267994491?
1267994491
List the prime factors of 1096957893.
3, 365652631
What are the prime factors of 237150124?
2, 31, 139, 13759
List the prime factors of 217533807.
3, 109, 221747
List the prime factors of 810923808.
2, 3, 229, 36887
List the prime factors of 30365467.
11, 79, 83, 421
What are the prime factors of 50649629?
31, 271, 6029
What are the prime factors of 4361009?
113, 38593
List the prime factors of 2069763517.
41, 50482037
List the prime factors of 113078399.
7, 16154057
What are the prime factors of 1824143254?
2, 912071627
What are the prime factors of 238856087?
19, 12571373
List the prime factors of 4965712.
2, 310357
List the prime factors of 2634403259.
2634403259
What are the prime factors of 1382870818?
2, 7, 98776487
List the prime factors of 274178411.
13, 21090647
List the prime factors of 66642927.
3, 13, 61, 109, 257
List the prime factors of 38377109.
17, 173, 13049
List the prime factors of 1813857112.
2, 226732139
List the prime factors of 1448216167.
1579, 917173
What are the prime factors of 12233542?
2, 6116771
What are the prime factors of 20289686?
2, 31, 89, 3677
What are the prime factors of 66986538?
2, 3, 41, 317, 859
List the prime factors of 115225766.
2, 19, 79, 131, 293
What are the prime factors of 1227817937?
557, 2204341
What are the prime factors of 1839311116?
2, 419, 1097441
List the prime factors of 321627346.
2, 160813673
List the prime factors of 295747706.
2, 1759, 84067
What are the prime factors of 1412751091?
1412751091
List the prime factors of 195668947.
195668947
List the prime factors of 134458544.
2, 11, 499, 1531
What are the prime factors of 77488486?
2, 223, 173741
What are the prime factors of 184359926?
2, 19, 4851577
What are the prime factors of 7496223?
3, 7, 269, 1327
List the prime factors of 24435042.
2, 3, 4072507
List the prime factors of 664223132.
2, 1033, 160751
List the prime factors of 45837071.
7, 6548153
List the prime factors of 1286313226.
2, 11, 23, 110527
List the prime factors of 13369826.
2, 6684913
List the prime factors of 180259805.
5, 11, 47, 137, 509
List the prime factors of 936728523.
3, 34693649
List the prime factors of 1746913969.
547, 3193627
List the prime factors of 796273301.
796273301
What are the prime factors of 1385645443?
7, 13, 71, 214463
What are the prime factors of 431273890?
2, 5, 4273, 10093
List the prime factors of 12945263.
12945263
What are the prime factors of 112882341?
3, 11, 13, 263129
What are the prime factors of 283591207?
19, 241, 61933
List the prime factors of 259719210.
2, 3, 5, 311, 1031
What are the prime factors of 21939240?
2, 3, 5, 23, 7949
What are the prime factors of 800754920?
2, 5, 7, 1637, 1747
List the prime factors of 289177296.
2, 3, 733, 8219
List the prime factors of 445470930.
2, 3, 5, 31, 159667
What are the prime factors of 1247262529?
1247262529
What are the prime factors of 3047081343?
3, 17, 59746693
What are the prime factors of 16181571?
3, 7, 770551
What are the prime factors of 22368351?
3, 23, 324179
What are the prime factors of 145592664?
2, 3, 7, 866623
List the prime factors of 764753568.
2, 3, 17, 468599
List the prime factors of 70856520.
2, 3, 5, 7, 67, 1259
What are the prime factors of 45773003?
45773003
What are the prime factors of 101590078?
2, 50795039
List the prime factors of 129047994.
2, 3, 47, 152539
List the prime factors of 2704556722.
2, 7, 193182623
What are the prime factors of 558710592?
2, 3, 11, 127, 2083
List the prime factors of 5932189.
61, 79, 1231
List the prime factors of 947142206.
2, 37, 12799219
List the prime factors of 2235893240.
2, 5, 7, 151, 52883
List the prime factors of 19740102.
2, 3, 59, 55763
What are the prime factors of 1311188569?
41, 31980209
What are the prime factors of 493866935?
5, 37, 41, 65111
What are the prime factors of 1668869551?
103, 1879, 8623
List the prime factors of 483444137.
11, 449, 97883
List the prime factors of 682954067.
10133, 67399
What are the prime factors of 176115176?
2, 3541, 6217
What are the prime factors of 270